s the hundred thousands digit of 647968?
6
What is the units digit of 3172045?
5
What is the thousands digit of 25730?
5
What is the units digit of 9685178?
8
What is the thousands digit of 45706?
5
What is the units digit of 2331367?
7
What is the ten thousands digit of 56458?
5
What is the hundred thousands digit of 184288?
1
What is the tens digit of 39922?
2
What is the tens digit of 12088707?
0
What is the units digit of 652824?
4
What is the ten millions digit of 24380452?
2
What is the tens digit of 245835?
3
What is the thousands digit of 5568112?
8
What is the hundreds digit of 4784100?
1
What is the hundred thousands digit of 13857062?
8
What is the units digit of 340052?
2
What is the millions digit of 17018768?
7
What is the ten thousands digit of 5645258?
4
What is the units digit of 4428994?
4
What is the units digit of 252788?
8
What is the thousands digit of 14391424?
1
What is the thousands digit of 128199?
8
What is the thousands digit of 199364?
9
What is the tens digit of 3409134?
3
What is the hundreds digit of 22172716?
7
What is the ten thousands digit of 241588?
4
What is the hundred thousands digit of 677791?
6
What is the hundred thousands digit of 757364?
7
What is the hundreds digit of 115621?
6
What is the tens digit of 109839?
3
What is the ten thousands digit of 122393?
2
What is the tens digit of 4804388?
8
What is the hundred thousands digit of 351551?
3
What is the units digit of 76835?
5
What is the hundred thousands digit of 17796337?
7
What is the ten thousands digit of 617492?
1
What is the hundreds digit of 8542443?
4
What is the hundreds digit of 8236?
2
What is the thousands digit of 3634938?
4
What is the tens digit of 250571?
7
What is the tens digit of 1493462?
6
What is the hundreds digit of 342269?
2
What is the thousands digit of 1601966?
1
What is the hundred thousands digit of 144649?
1
What is the hundreds digit of 4164102?
1
What is the thousands digit of 506074?
6
What is the units digit of 9088382?
2
What is the millions digit of 1721215?
1
What is the millions digit of 14583994?
4
What is the ten millions digit of 33171333?
3
What is the thousands digit of 383592?
3
What is the hundred thousands digit of 6980422?
9
What is the ten thousands digit of 1958910?
5
What is the hundred thousands digit of 5148266?
1
What is the thousands digit of 558746?
8
What is the millions digit of 16264900?
6
What is the millions digit of 2213598?
2
What is the tens digit of 2126136?
3
What is the thousands digit of 430935?
0
What is the hundreds digit of 36902?
9
What is the thousands digit of 425849?
5
What is the units digit of 167036?
6
What is the thousands digit of 327630?
7
What is the hundred thousands digit of 2014762?
0
What is the tens digit of 550468?
6
What is the ten thousands digit of 226240?
2
What is the tens digit of 14671607?
0
What is the hundreds digit of 1089158?
1
What is the hundreds digit of 900639?
6
What is the thousands digit of 498620?
8
What is the hundred thousands digit of 1431265?
4
What is the ten thousands digit of 330284?
3
What is the hundred thousands digit of 2078736?
0
What is the ten thousands digit of 169291?
6
What is the thousands digit of 2275989?
5
What is the hundreds digit of 16948106?
1
What is the hundreds digit of 133290?
2
What is the units digit of 1459427?
7
What is the hundred thousands digit of 16440651?
4
What is the hundred thousands digit of 4463357?
4
What is the hundreds digit of 3749379?
3
What is the hundred thousands digit of 523180?
5
What is the thousands digit of 482371?
2
What is the units digit of 2515238?
8
What is the thousands digit of 620446?
0
What is the tens digit of 4538180?
8
What is the units digit of 101465?
5
What is the units digit of 594895?
5
What is the thousands digit of 726616?
6
What is the millions digit of 10691593?
0
What is the thousands digit of 6379824?
9
What is the hundreds digit of 418166?
1
What is the ten thousands digit of 46624?
4
What is the hundreds digit of 5607222?
2
What is the millions digit of 10967322?
0
What is the tens digit of 45558?
5
What is the ten thousands digit of 79174?
7
What is the hundreds digit of 2099404?
4
What is the units digit of 1149457?
7
What is the units digit of 1191743?
3
What is the hundreds digit of 956518?
5
What is the hundred thousands digit of 480819?
4
What is the hundred thousands digit of 2324848?
3
What is the units digit of 7479529?
9
What is the units digit of 894819?
9
What is the hundred thousands digit of 17983117?
9
What is the hundreds digit of 1865121?
1
What is the ten thousands digit of 424812?
2
What is the hundreds digit of 8556281?
2
What is the ten thousands digit of 1380278?
8
What is the hundreds digit of 1538506?
5
What is the thousands digit of 345222?
5
What is the thousands digit of 32199302?
9
What is the units digit of 3846670?
0
What is the tens digit of 26218901?
0
What is the ten thousands digit of 330211?
3
What is the ten thousands digit of 169909?
6
What is the hundred thousands digit of 11858804?
8
What is the units digit of 378863?
3
What is the tens digit of 16381821?
2
What is the thousands digit of 308433?
8
What is the hundred thousands digit of 668411?
6
What is the ten thousands digit of 172515?
7
What is the tens digit of 2193854?
5
What is the ten thousands digit of 11348725?
4
What is the units digit of 23135150?
0
What is the ten thousands digit of 569203?
6
What is the hundreds digit of 29345804?
8
What is the tens digit of 101614?
1
What is the hundreds digit of 1029908?
9
What is the ten thousands digit of 9808141?
0
What is the tens digit of 59668?
6
What is the millions digit of 2809439?
2
What is the tens digit of 8647591?
9
What is the millions digit of 11441196?
1
What is the tens digit of 680426?
2
What is the units digit of 10159095?
5
What is the tens digit of 7681027?
2
What is the units digit of 465954?
4
What is the units digit of 893986?
6
What is the hundred thousands digit of 1280893?
2
What is the hundreds digit of 461058?
0
What is the units digit of 415863?
3
What is the ten thousands digit of 5176338?
7
What is the ten thousands digit of 5380152?
8
What is the ten thousands digit of 303361?
0
What is the ten thousands digit of 693148?
9
What is the tens digit of 490187?
8
What is the hundred thousands digit of 226834?
2
What is the millions digit of 10186194?
0
What is the hundreds digit of 3872?
8
What is the hundred thousands digit of 1157989?
1
What is the hundreds digit of 561861?
8
What is the ten millions digit of 10168854?
1
What is the ten thousands digit of 1132523?
3
What is the ten thousands digit of 514826?
1
What is the thousands digit of 9199841?
9
What is the millions digit of 3007255?
3
What is the thousands digit of 1401653?
1
What is the tens digit of 1781958?
5
What is the hundred thousands digit of 112670?
1
What is the hundreds digit of 1535209?
2
What is the thousands digit of 5759729?
9
What is the hundreds digit of 4426695?
6
What is the ten thousands digit of 15903213?
0
What is the tens digit of 8782927?
2
What is the hundred thousands digit of 8522290?
5
What is the hundred thousands digit of 7253726?
2
What is the units digit of 4688994?
4
What is the ten thousands digit of 3315825?
1
What is the hundred thousands digit of 7211999?
2
What is the hundred thousands digit of 4123270?
1
What is the hundreds digit of 431015?
0
What is the thousands digit of 300326?
0
What is the hundred thousands digit of 21104956?
1
What is the hundreds digit of 12906440?
4
What is the tens digit of 277034?
3
What is the units digit of 8803493?
3
What is the ten thousands digit of 1624114?
2
What is the tens digit of 5199870?
7
What is the units digit of 3168947?
7
What is the thousands digit of 13580?
3
What is the units digit of 9281774?
4
What is the hundred thousands digit of 2602156?
6
What is the thousands digit of 900327?
0
What is the thousands digit of 8158688?
8
What is the ten millions digit of 10247892?
1
What is the ten thousands digit of 384381?
8
What is the hundred thousands digit of 260278?
2
What is the ten thousands digit of 415910?
1
What is the hundred thousands digit of 189251?
1
What is the tens digit of 3248268?
6
What is the hundreds digit of 798624?
6
What is the units d